 = f - 46. What is the greatest common divisor of x and 5?
5
Suppose -5*c = -y - 389, -39 = -c - 5*y + 44. Calculate the greatest common factor of 26 and c.
26
Let q(g) = g**3 + 5*g**2 - 7*g - 7. Let l be q(-6). Let n be 175/2 + l/(-2). Let x = -32 + n. What is the highest common factor of 7 and x?
7
Suppose -2*x - 2 = 2. Let g(d) = d**2 - 2*d. Let t be g(x). Suppose 0 = o - 2*o + 72. Calculate the greatest common divisor of o and t.
8
Let c be (2 + -3)/(1/(-1)). Let s(u) = -22*u + 1. Let m be s(c). Let y = m + 37. What is the greatest common divisor of 8 and y?
8
Let i be -3 - 2*(2 - -4). Let a be 2/(-10) + (-48)/i. What is the highest common factor of a and 27?
3
Suppose 55*f - 39*f = 864. Let x = -18 + 54. What is the greatest common divisor of x and f?
18
Let i(n) be the third derivative of n**4/24 - n**3/3 - n**2. Let v be i(10). Suppose 3*x - 7 = 65. Calculate the greatest common factor of v and x.
8
Suppose 5*r - 2*g = -21, 2*r = -2*r - 4*g. Let a = r - -15. Calculate the greatest common divisor of 18 and a.
6
Let h = -11 - -101. What is the greatest common factor of h and 10?
10
Suppose 4*u = -3 + 7. Let f be (u/2)/(1/6). Suppose f*g + 85 = 8*g. Calculate the greatest common divisor of g and 85.
17
Let u = 1199 - 677. What is the greatest common factor of 58 and u?
58
Let w(h) = h**2 + 8*h + 3. Let m be w(-8). Suppose -m*r = -r + 180. Let f = r - -194. Calculate the highest common divisor of f and 13.
13
Let b be 7/21 - ((-390)/9)/2. Calculate the highest common factor of b and 176.
22
Suppose 9*s - 296 = 694. What is the highest common divisor of s and 88?
22
Suppose -m = 13 + 2. Let q be (6/m)/(1/(-5)). Suppose 4*g - 6 = -q*v + 24, 19 = 5*v - 4*g. Calculate the greatest common factor of v and 14.
7
Let u(b) = -b**2 + b + 334. Let d be u(0). Let w be d/7 - (-6)/21. Calculate the highest common factor of 12 and w.
12
Let m(z) = -z**3 - 4*z**2 + 2*z. Let n be m(-6). Suppose 181 = 4*p - f, 4*p - n = -4*f + 116. Let k = -29 + p. What is the greatest common factor of 24 and k?
8
Suppose 38*r = 42*r - 36. What is the greatest common factor of r and 99?
9
Let k be 17/2*(-4 + 6). Suppose 2*m - 81 = 21. Calculate the greatest common factor of k and m.
17
Let q = -443 + 105. Let f = q + 630. Let o be f/6 + (-2)/3. Calculate the greatest common divisor of o and 6.
6
Let f(c) = -c**3 - 7*c**2 + 7*c + 3. Let k be f(-8). Let i be 794/9 - 4/18. Calculate the greatest common divisor of i and k.
11
Suppose 0 = g - 4, 2*i - 2 = -g + 10. Let f be (-1 + 9/i)*4. What is the highest common divisor of f and 15?
5
Let m(t) = t**2 - 1. Let h be m(-2). Suppose -2*k = -5*k + 6. Suppose -2*g + k = -0. What is the greatest common factor of h and g?
1
Let u(f) = 3*f - 13 + 7*f + 20 + 4*f**2. Let h be u(-7). What is the highest common factor of h and 19?
19
Let b = 1 - -3. Let y(g) = -2*g**3 - 2*g**2 - 3*g - 1. Let q = -5 - -2. Let f be y(q). Calculate the highest common factor of f and b.
4
Let x be (-627)/(-55) - (-3)/5. What is the greatest common divisor of 108 and x?
12
Let w be 199/4 - 3/(-12). Let g = -9 - -13. Let c be (5/(-3))/(g/(-12)). Calculate the greatest common factor of c and w.
5
Let x be (-6)/12 - (-10)/(-4). Let z = 2 - x. Suppose -z*v + 5*n + 10 = -0*v, 3*v - 46 = -5*n. Calculate the highest common divisor of 14 and v.
7
Suppose -p + 2*x - 7 = 0, 0 = p + 2*p - x + 1. What is the highest common divisor of p and 9?
1
Let q(w) = 2*w - 7. Let j be q(5). Suppose u - j*u + 36 = 0. What is the highest common factor of u and 18?
18
Let k = 10 - 6. Let l = k - 1. Suppose 2*n = -3*h + 41, -n = 2*n + l*h - 69. Calculate the highest common factor of n and 70.
14
Suppose -4*u + 6 = -18. What is the greatest common factor of 6 and u?
6
Let u be -14*4/(8/6). Let z = u + 70. What is the greatest common factor of z and 14?
14
Let m be (-3 - -3) + 0/(-3) - -104. What is the highest common divisor of 13 and m?
13
Let t = -64 - -106. Calculate the greatest common divisor of 105 and t.
21
Let r be (0 + 34/(-4))*-2. What is the greatest common factor of r and 119?
17
Let r = 2 + 23. Suppose 8 = -4*a + 28. What is the greatest common divisor of r and a?
5
Let w = 46 - -2. Let b = 20 + w. Suppose -v = 3*m - 4 - b, 122 = 2*v - 5*m. What is the greatest common factor of 22 and v?
22
Let h be (4/(-10) - 0)*5. Let f be h/7 + 284/14. What is the greatest common divisor of 60 and f?
20
Suppose -3*t = -9 - 3. Suppose 2*y + 242 = t*y. What is the greatest common divisor of y and 11?
11
Let i(a) = a**3 - 2*a**2 + a + 3. Let r be i(3). What is the greatest common factor of 60 and r?
15
Let m be (-2)/(-12) + (-2)/12. Suppose 2*g - 4 - 4 = m. Calculate the highest common divisor of 16 and g.
4
Suppose -3*b = -118 + 46. Calculate the greatest common factor of 32 and b.
8
Let a(z) = 7*z**2 + 8*z + 1. Let n be a(-2). Let p = -52 - -78. Calculate the highest common factor of n and p.
13
Suppose 105 + 151 = 4*t. Suppose -b = -3*b + 218. Let j = b - t. Calculate the greatest common divisor of 5 and j.
5
Suppose 12*c + 3*c - 180 = 0. What is the highest common divisor of c and 84?
12
Suppose 4*o + 10 - 55 = c, -5*c = -4*o + 65. What is the greatest common divisor of o and 2?
2
Suppose 2*h = 31 - 9. Suppose 3*n = -24 - 21. Let k = 7 - n. Calculate the greatest common factor of h and k.
11
Suppose 0 = 4*b - 3*b - 9. What is the greatest common divisor of 9 and b?
9
Let i be (0 + -2 - -3) + 57. Let a = -34 + i. What is the greatest common divisor of 12 and a?
12
Suppose 3*t = -2*y + 69, 4*y + 0*t = -4*t + 128. Let r = 21 - 12. What is the greatest common factor of y and r?
9
Let g = -76 - -131. What is the highest common factor of g and 5?
5
Suppose 18*x = 21*x - 27. Calculate the highest common divisor of x and 333.
9
Suppose 0 = 4*q - 3 - 53. Suppose 2*g + 5*x - 13 = 0, 0*g + g = -x - 1. Let n be (-44)/g - 1/3. Calculate the highest common factor of q and n.
7
Let s = 3 - 2. Suppose -4*r = 4*b + 4, 0 = 3*r - b + 4 - s. Let v(q) = 109*q**2 + q. Let z be v(r). Calculate the greatest common divisor of z and 12.
12
Suppose 0*x = -3*x + 21. Let j be (-10 + x)/((-6)/56). Let v be (-12)/9*21/(-2). What is the greatest common divisor of v and j?
14
Let s(r) = 5*r - 3. Let a be s(7). Let f be (64/(-28))/((-4)/14). Calculate the greatest common divisor of f and a.
8
Suppose -3*v = -6, 2*v = 3*o + o - 4. Let u be (10 - 3) + o*-1. Suppose -5*i - r + 770 = -u*r, r = 0. Calculate the highest common factor of 14 and i.
14
Let r = -7 + 28. Calculate the highest common divisor of r and 84.
21
Let y(t) = 28*t. Let n be y(2). Let f = -125 - -132. Calculate the highest common divisor of f and n.
7
Suppose 2*n - 29 - 31 = 0. What is the highest common divisor of n and 12?
6
Suppose -2*d + 19 = 3*w, -d + 0*w - w = -7. Suppose -4*t + d = -14. Suppose 2*k - 26 + t = 0. What is the greatest common divisor of 33 and k?
11
Let v be (-3)/4*-4*4. Let s(h) = -2*h + 3. Let x be s(-3). Let g be (81/x)/((-3)/(-8)). Calculate the highest common factor of v and g.
12
Let g(r) = -r**3 + 5*r**2 + 8*r - 5. Let x = 8 + -2. Let d be g(x). What is the greatest common factor of 1 and d?
1
Let z be (5/5 + 3)*12/2. Calculate the highest common divisor of z and 54.
6
Let l = -3 + 7. Suppose -2*j = -l*j + 156. Let z = j + -45. Calculate the highest common divisor of 22 and z.
11
Suppose 14 - 4 = -2*n. Let g = 32 + -23. Let h = n + g. Calculate the greatest common factor of 4 and h.
4
Let i = -1 + 1. Suppose i = 2*p - 89 - 41. What is the greatest common divisor of 13 and p?
13
Suppose -3*p + 7*p - 2 = 5*g, -5*g = p - 13. Suppose -7 = -p*y + 11. Calculate the greatest common divisor of y and 6.
6
Let d(y) = -2*y. Suppose 5*l + 11 = k - 0, -3*l = -3*k + 9. Let j be d(l). Let w = j + 3. What is the highest common divisor of 7 and w?
7
Suppose -120 = -3*l - 3. Suppose -3*v + 2*v = -60. Suppose -3*k = 4*j - k - v, -4*j + 5*k + 32 = 0. Calculate the greatest common divisor of j and l.
13
Let p = 111 - 72. Calculate the greatest common divisor of 26 and p.
13
Suppose -c + 61 = -34. Suppose 225 = 5*o + 35. Calculate the highest common factor of o and c.
19
Let u = 8 - -7. Let k be ((-4)/6)/((-1)/3). Let l be (8/5)/(k/75). Calculate the highest common divisor of l and u.
15
Let l be 0 - (4 + -15) - -2. What is the highest common divisor 